- (3 - (-2 - -16))
-30
What is -61 + 2 - (1 - (-64 - -40) - 1)?
-83
-38 + -21 + 26 + 35 + (0 - (-1 + 6))
-3
Evaluate 42 + (87 - 58) - 15.
56
What is the value of 15 + -11 + 13 + 0 + (-5 - 3) + -3?
6
Calculate -53 - -3 - (-312 - -266).
-4
Evaluate -13 + 3 + (-16 - (-1 - 2)).
-23
(-45 + -5 - (-45 + 28)) + 4
-29
Evaluate -2 - (-54 - -26 - -28 - 19).
17
39 + -12 - 21 - (-4 + 1 + -3)
12
Calculate 1 + 2 - ((-34 - -20) + 23 - -54).
-60
Calculate (-32 - -33 - (-3 + 0 + 3 + -18)) + 1.
20
9 + 1 - (18 - (11 + -19 + 16))
0
What is (-110 - (-57 + -42)) + -15 + -2?
-28
What is -102 - (-37 - (-46 - -12) - 10)?
-89
26 + (-8 + 17 - 26) + 38
47
What is (-10 - 8) + -11 - (-168 + 140)?
-1
Calculate 7 + 33 + (12 - (-5 + 9 + 0)).
48
(-3 - -13) + (-12 - (7 - 10)) + (56 - -5)
62
-14 - (15 + -5) - -12 - -44
32
What is the value of -99 + 42 + 39 - (0 + -40)?
22
What is -41 - (-6 + -3 + 11 - (26 + -12 - 9))?
-38
What is the value of (-14 + -10 - -16) + 14 + 45?
51
What is -26 + 26 + (8 - (6 + 3)) + (-18 - 0)?
-19
Evaluate -13 - (-27 + -23 + (-4 - (12 + -2))) - 1.
50
Evaluate 37 - (27 - 14) - 13 - (10 + -21 - -26).
-4
Evaluate -52 - (-130 - (-33 + -5)).
40
Calculate 0 + (-2 - 0) + 14 + -47 + 28 - 9.
-16
What is 42 + (3 + -5 + 5 - (-291 - -281))?
55
What is the value of (13 - (15 - 10) - 33) + -2?
-27
What is the value of 56 - (-115 + 143 - 81)?
109
(128 + -142 - (-7 - 0)) + (-51 - -14)
-44
What is the value of (2 - 12) + (-51 - -20) + 51 - (-24 + -1)?
35
(-21 - (-27 - -107) - -4) + -31
-128
What is -2 + 1 + -3 - (-10 - -82) - (33 - 45)?
-64
Calculate 15 + (0 - -7 - 44) - (2 - -2).
-26
Calculate -3 - -6 - (-1 + (-2 + -11 - -21)).
-4
What is the value of (7 - (13 + 4) - -51) + -153?
-112
Calculate 81 - (9 - (-8 - 4) - 17 - 23).
100
What is -27 + 91 + -54 + -3?
7
Evaluate (-14 - -4 - -31) + 28.
49
Evaluate (21 - 66 - 1) + -22.
-68
3 - ((49 - 112) + 32)
34
Calculate (221 - 221) + (2 - 4) + -8 + (12 - 5).
-3
What is the value of 75 + (28 - -81 - 80)?
104
(8 - -12 - -51 - 3) + 4
72
Evaluate 0 + 3 - (11 - (2 - -24)) - 6.
12
Calculate 52 + -45 + 7 - ((2 - 0) + -2).
14
Evaluate 34 + (-24 - (-26 + 20 + 5)) - (0 + -10).
21
Evaluate 25 - -42 - 25 - 16.
26
What is (-1 - 5) + 2 + 9 + -6 + 7?
6
-2 - -12 - (5 + (-31 - (-17 - 8)))
11
(-220 - -220) + -29 + 158
129
What is the value of 0 - 3 - (-17 + 71 + -68) - (4 - -60)?
-53
32 + 5 + 2 + 43 + -55 - 5
22
What is -7 - (-56 - (-19 + (-4 - (-18 - 3))))?
47
(-2 - (-3 - -1)) + (-13 - (29 + -12) - 13)
-43
12 - (-9 - (-10 + -23 + 25))
13
What is the value of 77 + (97 + 92 + -194 - (1 - -12))?
59
What is the value of 13 - ((-4 - (-21 - -10 - -21)) + 7 + 97)?
-77
Calculate (6 - (29 - 28)) + -30 + 12.
-13
What is the value of (-86 - -48 - -38 - -26) + -96?
-70
What is the value of 68 - (84 + -34 - -5)?
13
Evaluate 13 + 1 + (25 - 7 - 23) + -8.
1
What is -1 + -11 + (23 - -3) - (51 + 10)?
-47
-5 + -14 + 3 + -2 + 53 + -50
-15
What is (-23 - (-22 + 62)) + 59?
-4
143 + -151 - ((-1 - -5) + -31 + 1)
18
Calculate 2 + 2 - (10 + (-9 - -11) - (8 + -12)).
-12
What is the value of -7 - (19 - (-16 - (-13 + 12 + -75)))?
34
Evaluate -33 - (-42 + 56 + -57).
10
Calculate (58 - 57) + (-5 + 5 - 3 - -3) + 10.
11
Calculate -1 + -59 + -58 + 72 + (6 - 9).
-49
What is the value of (36 + 3 - (4 - -4)) + -12?
19
-4 + -25 + -2 + 40
9
Evaluate (59 - 5) + (-454 - -439).
39
Evaluate -82 + -109 + 283 - 29 - (0 + -6 + -1).
70
Evaluate (-87 - -100) + 64 - 47.
30
What is 21 + (-1 + -19 - (1178 + -1214))?
37
Evaluate (1 - 31) + 13 + (4 - 5) + -18.
-36
What is (6 - 67) + (87 + -120 - -8)?
-86
Evaluate 85 - ((110 - 108 - (-1 - (1 - -4))) + 0).
77
What is the value of 0 + 48 - ((-29 + 60 - 35) + 4)?
48
What is the value of -107 - (50 + -285 + 148)?
-20
What is 4 - (11 - -6) - -7 - (-7 - (-25 + -41))?
-65
What is 16 + (-1 - (36 - 38))?
17
What is (132 - 67) + -4 + -13?
48
What is -18 - (4 + 3 + -13 - 44)?
32
What is -213 + 204 + (3 - 0) + 22?
16
What is (-17 - (26 - -1)) + 30?
-14
What is the value of (-11 - (6 - 9)) + 35 + -24 - 34?
-31
Evaluate (25 - 22 - (5 + -4)) + (-1 - -10) - 96.
-85
Calculate -4 + (-108 - 1 - (25 - (-15 + 51))) + -9.
-111
What is -96 + 53 + 76 - -43?
76
Calculate 281 + -254 + (34 - 9).
52
Evaluate (1 - ((-35 - -35) + (11 - 0))) + 8.
-2
Calculate 24 + (-10 - 4) - 36 - -60.
34
What is the value of (16 + -23 - (36 + -39)) + 3 + -13?
-14
What is the value of 8 - ((-80 + 0 - (-33 + 15)) + (-17 - -4))?
83
Calculate -45 - (-60 - (78 - 177)).
-84
What is -79 - -31 - ((7 + -8 - -6) + 2)?
-55
What is (-25 - (-37 + 19)) + 3 - 52?
-56
Evaluate -22 - -6 - (5 + -6 + -7 - -3) - 27.
-38
What is the value of -13 + 0 + -13296 + 13323?
14
(45 - -3) + 1587 + -1638
-3
(-12 - (-15 - -75)) + 11 + -1
-62
What is the value of (-5 - -14 - 5) + 4 + (3 - (-9 - -10))?
10
-2 + 3 + 114 - (-404 + 440)
79
(37 - (2 + 4 - -11)) + 20
40
Evaluate -11 + (-13 - (-41 + 21)) + -70 - (13 - 1).
-86
What is (431 - 454) + (-20 - (-3 + 7))?
-47
What is -5 + 7 - ((-218 - -220) + 1 + 5 + -17)?
11
Evaluate (252 - 240) + (-3 - (-1 + (-4 - (-7 - 0)))).
7
Calculate (3 - 1) + (323 - 270).
55
-9 - (2 - 2) - (-8 + 35 - 10)
-26
Calculate 109 + (-1 - 69) - (-1 - -11).
29
Evaluate (17 + -5 - (0 + 0) - (-1409 + 1410)) + -13.
-2
What is the value of (493 - 468) + 31 + (-3 - -1)?
54
Calculate 0 - -13 - (-99 + -51 + 35 + 46).
82
Calculate -74 - ((3 - -6 - -6) + (-31 - -19)).
-77
(-4 - 4) + 99 - (-354 - -391)
54
Evaluate (1 + -10 - 0) + (11729 - 11710).
10
(25 + -29 - 2) + (50 + -1 - 7)
36
34 - (-4 + (0 - -8) + -20)
50
Calculate 9 + -2 + (4 - 12) - (2 + (-59 - -11)).
45
What is (52 - 109) + (-108 - -218)?
53
Evaluate 0 + -2 - (-125 + 52 - (-17 + (-6 - -10))).
58
Calculate (-372 + 376 - (-4 - -22)) + -48.
-62
What is the value of 1 + 5 + -6 + -8 + -8 + -46?
-62
What is (-23 - (29 - -23)) + (-7 - 3) + 20?
-65
Evaluate -67 + -2 + -195 + (381 - 186).
-69
Calculate (30 - 17) + -22 + 1 + -15 + -6.
-29
Evaluate 24 + (29 - (103 + -34)).
-16
What is the value of 14 - (-32 + -5 + -16) - (3 - 4 - -5)?
63
What is (-84 - ((16 - 16) + 1 + -5)) + 1008 + -1002?
-74
(-2 + (20 - 4) - (6 - 1)) + (57 - 37)
29
-56 + 33 + -62 - (-4 - (13 - 2))
-70
What is the value of -20 + -2 + 23 + 2 - (1 - -66)?
-64
(0 - -128) + -63 + 3
68
What is (-51 + 41 - 30) + 65 - (100 - 0)?
-75
10 - (0 - 5 - (-93 + 41 + 46))
9
28 + -82 + 56 + -52
-50
Evaluate (17 - 66) + 57 + 1.
9
Calculate 16 + (6 - (4 + 1)) + -22 + 125.
120
What is the value of 18 + (9 - (22 - (-16 + -4 - -22)))?
7
3 - (0 + (-3 - -14) + (-4 - -1))
-5
(5 - (8 - 28)) + 6 + 0 + (3 - -1)
35
-30 + 6 + -14 + -7 + 8 + 10
-27
Calculate -42 + 117 + (-112 - -118).
81
Calculate -35 - (-116 + 91 - 49).
39
What is the value of -1 + 53 + (295 - 324) - -43?
66
What is the value of -19 + (-10 - (30 - 88)) - 98?
-69
What is (52 - (-77 + 81)) + 0 + 11?
59
Calculate -72 + 6 + 31 + (-14 - -104).
55
What is the value of 1 + -105 + (1 - (-15 + 6)) + (-61 - -41)?
-114
Calculate (29 - -13) + (1 - -9).
52
What is -4 + 7 + -9 + 6 + (-78 - 2) + 2?
-78
What is the value of 10 - 40 - (658 + -645)?
-43
What is the value of 0 + 2 + -18 + 13 + 2?
-1
What is the value of -3 - -15 - 36 - -86?
62
What is the value of (20 + -42 - 19) + 60?
19
What is -5 - (-10 - -2) - (-33 + 11 + -9)?
34
Calculate -11 - ((0 - (-5 + 29 + -7)) + 28 + -34).
12
Calculate (-19 - 3) + 18 - 3 - (2 + -46).
37
Evaluate -5 + -3 - (40 + (5 - 27) - (3 - 0)).
-23
What is the value of -36 + 6 + 238 + -77?
131
What is 8 + -5617 + 5629 + -52 + (-2 + 0 - -4)?
-30
Calculate 22 - (-19 + (54 - 39)).
26
-23 + (59 - (52 - 22)) - -60
66
What is -68 - (39 - 3 - 62)?
-42
What is -89 + (-71 - -96) - -91?
27
What is the value of -1279 - -1272 - (-19 + 18 - (1 + -61))?
-66
What is 25 + -3 - 14 - (-10 - -12) - -36?
42
What is the value of 4912 - 4990 - (-20 - (0 + 2))?
-56
What is the value of -40 - (-68 - (63 + -48))?
43
Evaluate 2 - 16 - (623 - 661).
24
What is (-2 - 8) + -412 + 455?
33
What is the value of 34 + 2 - (-7 - -23 - -28 - 33)?
25
What is 117 + (-90 - (125 + -13))?
-85
-435 + 374 - (-2 + -51) - (1 - (-3 + 1))
-11
What is 5 + -8 - (25 - -44) - (4 - (5 + -6))?
-77
What is 50 + -80 + 23 - (-73 + 2)?
64
Calculate -5 + -2 + (-20 + (39 - -22) - 2).
32
Evaluate 1 - (0 - -36) - (8527 - 8504).
-58
Calculate -6 - -64 - (-19 + 65 + -80).
92
Calculate -395 + 457 - (12 + 3 + -2 